4. Let r be (3/9)/((-2)/18). What are the prime factors of f(r)?
2, 13
Suppose -2*c + 1480 = 5*m, 2*m - c = 362 + 239. List the prime factors of m.
2, 149
Suppose 1578 = 808*c - 806*c. List the prime factors of c.
3, 263
Suppose -m = 8*m - m. Suppose m = -3*b + 7*b - 316. What are the prime factors of b?
79
Suppose -17*x = -11*x + 24. What are the prime factors of -4 - (-3 - x)*-122?
2, 59
Let z = 899 + 1285. List the prime factors of z.
2, 3, 7, 13
Let z(i) = 4*i**3 - 18*i**2 - 19*i - 26. What are the prime factors of z(9)?
13, 97
Let q = 1396 - -998. List the prime factors of q.
2, 3, 7, 19
Suppose 0 = -46*v + 48*v + 166. Let j = 191 + v. What are the prime factors of j?
2, 3
Let m(p) = -4232*p + 73. What are the prime factors of m(-1)?
3, 5, 7, 41
Suppose r = 3*u - 10, 10 = -5*u + 3*r + 24. Suppose x + u*x = 165. What are the prime factors of x?
3, 11
Suppose 2*k = 2, 0 = 5*n + 4*k - 69 - 85. Suppose m = -2*m - 3*h - 57, 5*m = h - 71. Let w = n + m. List the prime factors of w.
3, 5
Let g = -10 - -6. What are the prime factors of g/(2 - 6) + 25?
2, 13
Let j be 1004/(-14) - (-8)/(-28). Let h = 152 + j. List the prime factors of h.
2, 5
Let h(v) = v**3 - 4*v**2 - 2*v - 1. Let c be h(5). Let z = c - 14. Suppose 5*r - 48 + 8 = z. What are the prime factors of r?
2
Suppose 3*d - 399 = -18. Suppose -9*p + d = -8*p. List the prime factors of p.
127
Let c(d) = 27*d - 101. Let q(w) = -9*w + 34. Let y(l) = 4*c(l) + 11*q(l). What are the prime factors of y(12)?
2, 3, 13
Suppose 4 = x - 1. Suppose -x*u = -u. Suppose u*o - 30 = -2*o. What are the prime factors of o?
3, 5
Let a(k) = -k**3 + 2*k**2 - k - 4. Let g(b) = b**3 - b**2 + 4. Let o(v) = 4*a(v) + 3*g(v). Let u be o(4). What are the prime factors of u*3/(-12)*17?
17
Let k(n) be the third derivative of n**5/60 + 5*n**4/12 - 2*n**3 + 13*n**2. What are the prime factors of k(-16)?
2, 3, 7
Suppose -10406 = -3*k + 10*b - 8*b, -17343 = -5*k + 3*b. What are the prime factors of k?
2, 3, 17
Let j(u) = -200*u**3 + 4*u**2 - 2*u - 8. Let m be j(-3). Suppose 14*p = -5*p + m. List the prime factors of p.
2, 11, 13
Suppose -7*h + 5*h + 422 = 0. Suppose 2*m - m = h. List the prime factors of m.
211
Suppose -23265 = -58*o + 13*o. List the prime factors of o.
11, 47
Suppose -7*r - 95 = -2*r. Let s = 7 - r. List the prime factors of s.
2, 13
Suppose 4*f = 13*f + 1485. What are the prime factors of 4/22 - 12015/f?
73
Let i(g) = -g**2 + 64*g + 17. Let b be i(12). Let s = b - 440. What are the prime factors of s?
3, 67
Suppose -331 - 20 = -3*v. What are the prime factors of v?
3, 13
Let b = -5085 - -8165. List the prime factors of b.
2, 5, 7, 11
What are the prime factors of -2 - ((-32)/48)/((-2)/(-2121))?
3, 5, 47
Let z(w) = -w**2 - 17*w - 6. Let m be 102/30 + 2/(-5). Suppose 12 = -m*j + 2*j. What are the prime factors of z(j)?
2, 3
Let y = 1838 + -500. What are the prime factors of y?
2, 3, 223
List the prime factors of 376 + 1 - (5 - 1 - 1).
2, 11, 17
Suppose -2*z - 5*j + 516 = 0, -2*z - 2*j + 1290 = 3*z. Suppose -63*m - z = -65*m. What are the prime factors of m?
3, 43
Suppose -3*g + 105 = 69. Let v(d) be the second derivative of d**4/12 - 5*d**3/3 - 3*d**2 - 2*d. What are the prime factors of v(g)?
2, 3
Let d(x) = 69*x + 50. List the prime factors of d(14).
2, 127
Let j(t) = 107*t - 150. What are the prime factors of j(4)?
2, 139
Let i(m) = m**3 + 7*m**2 + m + 10. Let a be i(-7). Let b be (-99)/(a + -1 + -3). Suppose 29 = -2*x + b. What are the prime factors of x?
5, 7
Suppose 0*g - 3*o = -2*g + 431, 0 = -3*g + 5*o + 649. Suppose -59 = -3*i + g. List the prime factors of i.
89
Suppose -339 = -23*p + 22*p. List the prime factors of p.
3, 113
Let t be 0 + -2 + 105 + 5. Let q = -63 + t. List the prime factors of q.
3, 5
Let w(q) be the third derivative of -23*q**4/24 - 19*q**3/6 + 37*q**2. What are the prime factors of w(-12)?
257
Let d(n) = n + n**3 - 4 + 6 - 9*n**2 - 6. Let y be d(9). Suppose -5*k - 5*p = -285, 0*p = y*k + 2*p - 291. What are the prime factors of k?
59
Let p be (18/4)/((-2)/4). Let s be 16/(-12)*p/4. Suppose 144 = v + s*v. List the prime factors of v.
2, 3
Let a = 14 - 11. Suppose 5*j + z = 3*z + 223, 5*z = -a*j + 109. Suppose k - j = -0*k. What are the prime factors of k?
43
Let m(f) = 101*f - 176. List the prime factors of m(16).
2, 3, 5
Suppose 0 = -3*z - 3*y + 5935 + 506, -3*z = -3*y - 6423. What are the prime factors of z?
2, 67
Let g(d) = -d**2 + 10*d - 6. Suppose -4*n - 16 = -4*m, -5*m - 4*n + 4 = -16. Let v be g(m). List the prime factors of 114/v + (-2)/6.
2, 3
Suppose -3*y + 0*y - 15 = 0. What are the prime factors of 3 + y + 254 - 0?
2, 3, 7
Suppose 2*n = -2, -u + 3*n - 24 + 468 = 0. What are the prime factors of u?
3, 7
Let y(a) = -382*a + 111. What are the prime factors of y(-7)?
5, 557
Let q be 0/(-1) + 6*6/12. Suppose q*j + 2*j - 140 = 0. What are the prime factors of j?
2, 7
Suppose 6*j - 4*t = 4*j - 28, -t - 18 = 2*j. Let q(x) = -3*x + 14. What are the prime factors of q(j)?
2, 11
Let h = -11762 + 17082. What are the prime factors of h?
2, 5, 7, 19
Let r(d) = 4*d**2 - 5*d + 4. Let m be r(3). Suppose 6*v + m = v. List the prime factors of (-4)/(-10) + (-88)/v.
2, 3
Let d be 6/12 + (-117)/(-6). Suppose 2*c - d = -3*c. Suppose c*i - 15 = 29. What are the prime factors of i?
11
Suppose 35*x - 347 = 4168. What are the prime factors of x?
3, 43
Suppose 0 = p - 209 - 690. What are the prime factors of p?
29, 31
Let a(o) = -o + 11. Let z be a(5). Let b(r) = -4*r - z + 6*r - 4. What are the prime factors of b(10)?
2, 5
Suppose 0 = -13*v + 18141 + 29998. List the prime factors of v.
7, 23
Suppose -21582 = -103*v + 85*v. What are the prime factors of v?
11, 109
Suppose 593 = u - 244. What are the prime factors of u?
3, 31
Let c(l) = -l**3 + 9*l**2 + 10*l + 4. Let g be c(10). Suppose g*a - 5*q = a + 33, 0 = -3*a - 2*q + 12. List the prime factors of 5/15 + 208/a.
5, 7
Let v = -9 + 15. Let c = -2 + v. Suppose 3*i = 2*b - 43, c*i - 2*i + 10 = 0. List the prime factors of b.
2, 7
Let r be 0 - 3 - (-15 + 3). Let t(w) = -r*w + 30*w - 2 + 1. What are the prime factors of t(1)?
2, 5
Suppose 7*n - 7 = 28. Let r(c) = 0 + n + 11*c**2 + 3*c + 0*c**2. List the prime factors of r(-2).
43
Suppose 278 = 3*b - w, w + 34 = -2*b + 221. Suppose 4*k - 2*x - 72 = 2*x, -5*k + 3*x + 98 = 0. Suppose -k = -5*a + b. What are the prime factors of a?
23
Let v be -94*1*33/(-22). List the prime factors of (2 - 4) + 2 + v.
3, 47
Let f be 432/(-32)*(-4)/2. Let y = f + 117. What are the prime factors of y?
2, 3
Suppose 3*f - q = -19, -3*q - 4 = f - q. Let u be ((-6)/5)/(f/(-40)). Let r(o) = -o - 3. List the prime factors of r(u).
5
Let t = 55 - 61. What are the prime factors of ((-48)/(-32))/(t/(-512))?
2
Let j(y) be the second derivative of 7/2*y**2 + 0 + y + 1/12*y**4 - 5/6*y**3. What are the prime factors of j(5)?
7
Let r(h) = -h**3 - 19*h**2 - 8*h - 5. Let p be r(-20). Suppose 140*b - 137*b = p. List the prime factors of b.
5, 37
Let v = -48 - -15. Let o = -41 - -99. Let p = v + o. What are the prime factors of p?
5
Let y(z) = -z**2 - 11*z - 8. Let w = 14 + -24. Let j be y(w). Suppose j*l - 9 = l. List the prime factors of l.
3
Suppose -a = t - 1208, -a + 4*t - 9*t = -1196. List the prime factors of a.
7, 173
Suppose -2*v = 0, 41*z + 3*v = 38*z + 8919. What are the prime factors of z?
3, 991
Let b(x) = 2*x + 6. Let v be b(-5). Let p = v - -5. Suppose 1 = m - p. What are the prime factors of m?
2
Suppose -4*p - 200 = -h, -405 - 449 = -4*h - 2*p. What are the prime factors of h?
2, 53
Let p(l) = l**2 + 14*l + 19. Let b be p(-13). Suppose -156 = -b*r + 3*r. List the prime factors of r.
2, 13
Suppose 0 = -3*c + 2*c + 88. Suppose p = 5*p - c. List the prime factors of p.
2, 11
Suppose -4*j + 16948 = 15*j. What are the prime factors of j?
2, 223
Suppose -d - 5 = -2. Let c(m) be the second derivative of m**4/4 + 2*m**3/3 - m**2/2 - 20*m. What are the prime factors of c(d)?
2, 7
Let i = 604 - -175. List the prime factors of i.
19, 41
Suppose -4*o = 4, 0*o = -3*q + o + 4324. List the prime factors of q.
11, 131
Suppose 3*l - 6 = -3*s - 0*s, 5*l - 2*s - 38 = 0. What are the prime factors of l/(-9) + 119/3?
3, 13
Let j be (81 - 90)*(-2 + 10/6). Let f(o) = o**3 + 3*o + 5. Let i be f(5). Suppose z + 3 = 3*c + 68, c = -j*z + i. Li